{"id":2375,"date":"2022-11-13T09:42:30","date_gmt":"2022-11-13T08:42:30","guid":{"rendered":"https:\/\/www.stretching-qi-gong-tournefeuille.fr\/?page_id=2375"},"modified":"2026-02-03T17:40:01","modified_gmt":"2026-02-03T16:40:01","slug":"stages","status":"publish","type":"page","link":"https:\/\/www.stretching-qi-gong-tournefeuille.fr\/index.php\/stages\/","title":{"rendered":"Stages 2025\/2026"},"content":{"rendered":"<h5><\/h5>\n<h3 style=\"text-align: center;\">Les stages Qi Gong &amp; Stretching saison 2025-2026:<\/h3>\n<h5 style=\"text-align: center;\">(Tous les stages ont lieu au gymnase Jean GAY et les horaires sont de 9h30 \u00e0 12h30.<\/h5>\n<h5 style=\"text-align: center;\">Renseignements \u00e0 la salle ou Yves ou V\u00e9ro au 06.80.73.73.42<\/h5>\n<h5 style=\"text-align: center;\">Possibilit\u00e9 de participer aux stage des Voix del&rsquo; Energie \u00e0 tarif r\u00e9duit)<\/h5>\n<p>&nbsp;<\/p>\n<pre style=\"text-align: center;\">\u00a4 SAMEDI 11 OCTOBRE 2025: STRETCHING POSTURAL ET BIO ENERGIE.\r\n\r\n\u00a4 SAMEDI 22 NOVEMBRE 2025: MARCHE GUO-LIN CONTRE LE CANCER,\r\n METHODOLOGIE ET MARCHE DE BASE.\r\n\r\n\u00a4 SAMEDI 13 D\u00c9CEMBRE 2025: QI-GONG DES 9 PERLES.\r\n\r\n\u00a4 SAMEDI 24 JANVIER 2026: PETIT B\u00c2TON TAI JI CHI.\r\n\r\n\u00a4 SAMEDI 14 F\u00c9VRIER 2026: STAGE STRETCHING POSTURAL EN RELATION AVEC LE QI GONG.\r\n\r\n\u00a4 SAMEDI 28 MARS 2026: MARCHE DE SANTE DEUXIEME PARTIE.\r\n\r\n\u00a4 SAMEDI 11 AVRIL 2026: NEI YANG GONG 4<\/pre>\n","protected":false},"excerpt":{"rendered":"<p>Les stages Qi Gong &amp; Stretching saison 2025-2026: (Tous les stages ont lieu au gymnase Jean GAY et les horaires sont de 9h30 \u00e0 12h30. Renseignements \u00e0 la salle ou Yves ou V\u00e9ro au 06.80.73.73.42 Possibilit\u00e9 de participer aux stage des Voix del&rsquo; Energie \u00e0 tarif r\u00e9duit) &nbsp; \u00a4 SAMEDI 11 OCTOBRE 2025: STRETCHING POSTURAL [&hellip;]<\/p>\n","protected":false},"author":1,"featured_media":0,"parent":0,"menu_order":0,"comment_status":"closed","ping_status":"closed","template":"","meta":{"site-sidebar-layout":"default","site-content-layout":"default","ast-site-content-layout":"default","site-content-style":"default","site-sidebar-style":"default","ast-global-header-display":"","ast-banner-title-visibility":"","ast-main-header-display":"","ast-hfb-above-header-display":"","ast-hfb-below-header-display":"","ast-hfb-mobile-header-display":"","site-post-title":"","ast-breadcrumbs-content":"","ast-featured-img":"","footer-sml-layout":"","ast-disable-related-posts":"","theme-transparent-header-meta":"default","adv-header-id-meta":"","stick-header-meta":"","header-above-stick-meta":"","header-main-stick-meta":"","header-below-stick-meta":"","astra-migrate-meta-layouts":"set","ast-page-background-enabled":"default","ast-page-background-meta":{"desktop":{"background-color":"","background-image":"","background-repeat":"repeat","background-position":"center center","background-size":"auto","background-attachment":"scroll","background-type":"","background-media":"","overlay-type":"","overlay-color":"","overlay-opacity":"","overlay-gradient":""},"tablet":{"background-color":"","background-image":"","background-repeat":"repeat","background-position":"center center","background-size":"auto","background-attachment":"scroll","background-type":"","background-media":"","overlay-type":"","overlay-color":"","overlay-opacity":"","overlay-gradient":""},"mobile":{"background-color":"","background-image":"","background-repeat":"repeat","background-position":"center center","background-size":"auto","background-attachment":"scroll","background-type":"","background-media":"","overlay-type":"","overlay-color":"","overlay-opacity":"","overlay-gradient":""}},"ast-content-background-meta":{"desktop":{"background-color":"var(--ast-global-color-5)","background-image":"","background-repeat":"repeat","background-position":"center center","background-size":"auto","background-attachment":"scroll","background-type":"","background-media":"","overlay-type":"","overlay-color":"","overlay-opacity":"","overlay-gradient":""},"tablet":{"background-color":"var(--ast-global-color-5)","background-image":"","background-repeat":"repeat","background-position":"center center","background-size":"auto","background-attachment":"scroll","background-type":"","background-media":"","overlay-type":"","overlay-color":"","overlay-opacity":"","overlay-gradient":""},"mobile":{"background-color":"var(--ast-global-color-5)","background-image":"","background-repeat":"repeat","background-position":"center center","background-size":"auto","background-attachment":"scroll","background-type":"","background-media":"","overlay-type":"","overlay-color":"","overlay-opacity":"","overlay-gradient":""}},"footnotes":""},"class_list":["post-2375","page","type-page","status-publish","hentry"],"_links":{"self":[{"href":"https:\/\/www.stretching-qi-gong-tournefeuille.fr\/index.php\/wp-json\/wp\/v2\/pages\/2375","targetHints":{"allow":["GET"]}}],"collection":[{"href":"https:\/\/www.stretching-qi-gong-tournefeuille.fr\/index.php\/wp-json\/wp\/v2\/pages"}],"about":[{"href":"https:\/\/www.stretching-qi-gong-tournefeuille.fr\/index.php\/wp-json\/wp\/v2\/types\/page"}],"author":[{"embeddable":true,"href":"https:\/\/www.stretching-qi-gong-tournefeuille.fr\/index.php\/wp-json\/wp\/v2\/users\/1"}],"replies":[{"embeddable":true,"href":"https:\/\/www.stretching-qi-gong-tournefeuille.fr\/index.php\/wp-json\/wp\/v2\/comments?post=2375"}],"version-history":[{"count":0,"href":"https:\/\/www.stretching-qi-gong-tournefeuille.fr\/index.php\/wp-json\/wp\/v2\/pages\/2375\/revisions"}],"wp:attachment":[{"href":"https:\/\/www.stretching-qi-gong-tournefeuille.fr\/index.php\/wp-json\/wp\/v2\/media?parent=2375"}],"curies":[{"name":"wp","href":"https:\/\/api.w.org\/{rel}","templated":true}]}}